e 8) to base 15
-1055
Convert 13456 (base 7) to base 15.
1147
What is 3000200 (base 4) in base 6?
133012
What is -344 (base 10) in base 8?
-530
2d20 (base 14) to base 7
32340
Convert -5aaa (base 14) to base 2.
-11110111010110
557 (base 15) to base 13
71b
Convert -1cac (base 14) to base 3.
-21012101
Convert d5 (base 16) to base 10.
213
Convert -121022 (base 3) to base 6.
-2012
Convert -1465 (base 8) to base 3.
-1010102
What is -11110010011 (base 2) in base 5?
-30224
-2a7b (base 13) to base 10
-6186
Convert 26050 (base 8) to base 6.
124200
Convert 33e (base 16) to base 8.
1476
-828 (base 10) to base 5
-11303
Convert 4c38 (base 13) to base 14.
3d5d
What is -53054 (base 6) in base 3?
-100211021
What is 5cc (base 16) in base 5?
21414
abb (base 13) to base 3
2112022
-16d (base 14) to base 10
-293
What is 847 (base 12) in base 7?
3343
What is 2001 (base 6) in base 4?
12301
-661 (base 8) to base 9
-531
What is -2194 (base 10) in base 4?
-202102
-12e2c (base 15) to base 14
-18103
What is 1d06 (base 16) in base 11?
5645
-22200021 (base 3) to base 15
-1d1a
Convert 1033 (base 4) to base 16.
4f
What is 26b (base 16) in base 6?
2511
What is 512 (base 6) in base 7?
356
What is 683 (base 13) in base 12?
795
-3225 (base 6) to base 16
-2e1
Convert 13575 (base 8) to base 11.
4577
What is 101333 (base 5) in base 12?
1b27
Convert 160 (base 14) to base 12.
1b4
What is 230332 (base 4) in base 9?
3847
What is -2322 (base 5) in base 2?
-101010001
1000101101101000 (base 2) to base 7
206022
What is -175 (base 12) in base 10?
-233
What is 13573 (base 8) in base 3?
22020122
What is 232112 (base 4) in base 12?
1872
1068 (base 10) to base 5
13233
Convert 57ba (base 13) to base 11.
9291
What is 1090 (base 12) in base 14?
952
79 (base 15) to base 10
114
Convert -608 (base 9) to base 6.
-2142
95d (base 14) to base 7
5246
What is -6e1a (base 16) in base 11?
-1a1a4
Convert -5051 (base 13) to base 11.
-8337
What is 5 (base 16) in base 11?
5
What is -1219 (base 13) in base 11?
-1a15
What is -23621 (base 7) in base 14?
-2348
221012 (base 4) to base 6
20102
What is 10520 (base 7) in base 15?
bc5
What is -55cd (base 15) in base 13?
-8386
What is 35bd (base 15) in base 12?
6744
111021 (base 5) to base 15
1241
What is 28 (base 14) in base 15?
26
10011011110 (base 2) to base 6
5434
2144 (base 7) to base 16
2ff
4910 (base 13) to base 12
5b82
-110212 (base 3) to base 8
-533
-43421 (base 6) to base 10
-5989
dc7 (base 15) to base 16
c28
What is -2058 (base 9) in base 16?
-5e7
-4031 (base 5) to base 12
-370
What is 24762 (base 8) in base 10?
10738
Convert -1000120 (base 3) to base 8.
-1350
23c (base 16) to base 5
4242
10000110100111 (base 2) to base 16
21a7
Convert a17 (base 15) to base 5.
33042
Convert 51463 (base 8) to base 3.
1002012212
What is -471 (base 9) in base 6?
-1444
What is 357 (base 13) in base 15?
289
2215 (base 10) to base 6
14131
13543 (base 6) to base 16
867
372 (base 10) to base 16
174
What is 13340 (base 6) in base 5?
31301
7045 (base 8) to base 9
4863
What is c13b (base 13) in base 14?
998b
Convert -545 (base 10) to base 12.
-395
Convert 7200 (base 8) to base 14.
14d2
Convert -2313 (base 8) to base 5.
-14402
-11982 (base 13) to base 4
-13322001
What is -60322 (base 7) in base 16?
-38e9
Convert -41524 (base 6) to base 5.
-134341
-3211000 (base 4) to base 13
-6895
a14 (base 15) to base 9
3101
Convert -4c3 (base 15) to base 14.
-575
What is -22 (base 14) in base 11?
-28
What is -12245 (base 9) in base 5?
-230342
4b8 (base 14) to base 7
2521
-221100 (base 3) to base 6
-3100
Convert -2028 (base 11) to base 15.
-be7
20210002 (base 3) to base 8
11517
Convert 103432 (base 5) to base 12.
2115
Convert 768 (base 10) to base 8.
1400
1020 (base 7) to base 6
1353
Convert 186 (base 13) to base 4.
10113
-15 (base 13) to base 16
-12
Convert -834 (base 10) to base 16.
-342
What is 830a (base 13) in base 10?
18093
Convert -20441 (base 5) to base 15.
-616
2a00 (base 15) to base 6
105400
Convert -2505 (base 10) to base 3.
-10102210
What is 23060 (base 8) in base 11?
7388
What is c8 (base 15) in base 2?
10111100
Convert -131 (base 7) to base 12.
-5b
Convert 72b (base 12) to base 2.
10000010011
Convert 2111 (base 5) to base 10.
281
-2a64 (base 14) to base 10
-7536
115234 (base 6) to base 5
311441
What is -552510 (base 6) in base 3?
-2100001220
7007 (base 13) to base 5
443021
What is -11120022 (base 3) in base 14?
-12db
What is -693 (base 14) in base 10?
-1305
Convert 413a (base 16) to base 4.
10010322
Convert -2ab2 (base 16) to base 14.
-3daa
a9b5 (base 15) to base 6
434225
Convert -220012011 (base 3) to base 10.
-17635
What is 45534 (base 7) in base 15?
3679
Convert -6a4 (base 11) to base 7.
-2310
-2da (base 15) to base 5
-10110
Convert 3571 (base 11) to base 5.
122201
What is b814 (base 13) in base 14?
9440
-516 (base 10) to base 16
-204
Convert 74c (base 14) to base 4.
112200
Convert -10063 (base 7) to base 15.
-ad1
What is -2032312 (base 4) in base 8?
-21666
Convert 106a (base 11) to base 15.
63c
Convert 11004 (base 5) to base 13.
460
Convert -2213 (base 4) to base 12.
-11b
1031 (base 9) to base 5
11012
Convert -27160 (base 8) to base 12.
-6a68
Convert 6b71 (base 13) to base 15.
473d
-10a6 (base 14) to base 11
-2198
What is 251 (base 13) in base 15?
1be
What is 11110010011011 (base 2) in base 11?
10725
-7716 (base 8) to base 16
-fce
What is 3124 (base 8) in base 10?
1620
What is -942 (base 10) in base 9?
-1256
-111110011 (base 2) to base 14
-279
Convert 374 (base 16) to base 10.
884
-23105 (base 6) to base 16
-cd1
152 (base 10) to base 8
230
Convert 3cb5 (base 14) to base 15.
32b3
Convert -14a (base 16) to base 4.
-11022
Convert 213553 (base 6) to base 8.
42455
-2a4 (base 11) to base 14
-1b6
What is -14 (base 13) in base 12?
-15
37534 (base 9) to base 15
7717
-17510 (base 10) to base 13
-7c7c
Convert 2b4 (base 13) to base 11.
401
Convert -283 (base 15) to base 12.
-3b9
-510 (base 7) to base 6
-1100
What is -1151 (base 7) in base 13?
-26c
-502 (base 7) to base 10
-247
What is 12664 (base 8) in base 12?
3270
4622 (base 11) to base 8
13672
What is 530 (base 9) in base 4?
12300
Convert -269b (base 14) to base 10.
-6801
What is -113120 (base 4) in base 9?
-2042
Convert 1120003 (base 4) to base 5.
140020
Convert 6071 (base 9) to base 14.
1890
Convert 22933 (base 13) to base 16.
f667
Convert -310 (base 13) to base 4.
-20020
-110320 (base 4) to base 12
-934
What is 642 (base 15) in base 5?
21122
What is 22221001 (base 3) in base 14?
252c
Convert 220211012 (base 3) to base 8.
43257
What is 644 (base 10) in base 6?
2552
2a92 (base 13) to base 9
8452
-100101001 (base 2) to base 13
-19b
What is 3342101 (base 5) in base 7?
334042
-719a (base 12) to base 4
-3001012
What is -720 (base 11) in base 15?
-3ce
What is 7767 (base 13) in base 9?
24746
What is 11143 (base 5) in base 12?
566
8240 (base 12) to base 14
5236
What is 933 (base 10) in base 6?
4153
30217 (base 8) to base 6
133315
-14457 (base 14) to base 2
-1100010001001101
20252 (base 6) to base 11
2031
Convert -133 (base 8) to base 2.
-1011011
-2000 (base 3) to base 13
-42
What is -222 (base 4) in base 5?
-132
What is 111100111010 (base 2) in base 13?
1a0b
-43a (base 16) to base 5
-13312
Convert 131b (base 13) to base 3.
10202001
What is 4757 (base 14) in base 3?
122001012
What is -23360 (base 8) in base 12?
-5928
Convert 1180 (base 15) to base 2.
111010001000
What is -103111 (base 4) in base 6?
-5421
101202 (base 5) to base 6
23142
73444 (base 9) to base 7
261223
-571 (base 11) to base 6
-3055
337 (base 13) to base 12
3a1
What is -442 (base 13) in base 12?
-50a
Convert -11302 (base 8) to base 4.
-1023002
What is 520412 (base 6) in base 13?
15c3b
What is -110120 (base 3) in base 9?
-416
Convert -9951 (base 10) to base 14.
-38ab
What is -8836 (base 10) in base 3?
-110010021
Convert 11011010 (base 2) to base 12.
162
b24 (base 15) to base 9
3387
2153 (base 11) to base 10
2841
What is 1122110 (base 3) in base 2?
10010110000
36111 (base 11) to base 14
14d74
What is 3233103 (base 4) in base 5?
442230
What is -1bbc (base 14) in base 4?
-1033022
-5a38 (base 15) to base 7
-106625
-111022 (base 3) to base 8
-547
Convert 4631 (base 7) to base 5.
23223
-bca (base 16) to base 12
-18b6
Convert -101705 (base 8) to base 3.
-1201021101
What is 406 (base 14) in ba